a(o) - 3*n(o). Determine g(-1).
5
Suppose 3*s - 11 = -5. Let f = s + 5. Let t(c) = -f*c + 3*c - 8 + 7. Determine t(-2).
7
Let v(q) = -q**2 + 7*q. Let w be v(7). Let h(x) = -2*x - 4 + 1 + w. Calculate h(-2).
1
Let s(c) be the third derivative of -c**4/6 - 2*c**3/3 + 7*c**2. Give s(-5).
16
Let r(o) be the first derivative of 4 - o + o - o**3 - o**3. Give r(1).
-6
Let k(r) = -r**2 + 2*r. Let h be k(2). Let u(j) = j**2 - j + 2. Let l be u(h). Let d(w) = -2*w + 4 - w**2 + 4*w + 0 + l*w. Determine d(3).
7
Let i(p) = -1 + 4*p**2 + p**3 - 3 + 43*p - 44*p. Give i(-5).
-24
Let q(c) = 1 - 4*c**3 + 3*c**3 + 17*c**2 - 20*c**2 + 2*c**3 + 4*c. Calculate q(3).
13
Let o(j) = -j**2 - 4*j + 8. Let b be o(-6). Let r(z) be the first derivative of z**4/4 + 4*z**3/3 + z**2 + 3*z + 58. Give r(b).
-5
Suppose 38*k - 35*k - 18 = 0. Let v(c) = -c**3 + 5*c**2 + 7*c + 6. Determine v(k).
12
Let q(r) = -18*r + 18. Let t(j) = j. Let c(u) = q(u) + 5*t(u). Let v(k) = -9*k + 12. Let f(h) = -5*c(h) + 7*v(h). Determine f(5).
4
Suppose 0 = 3*w - 0*w + 18. Let b(t) = t**2 + 7*t + 4. Determine b(w).
-2
Let b(y) = y - 6. Let k be ((-2)/4 - 0)*-6. Suppose f - 2 = k. Determine b(f).
-1
Suppose -5*l + 10 = 2*h - 0*h, 5*h - 2*l - 25 = 0. Let c(v) be the second derivative of -v**4/12 + v**3 - 3*v**2/2 + 2*v. What is c(h)?
2
Let w(q) be the second derivative of -q**5/10 + q**4/6 + q**3/6 + q**2 + 3*q. Let k(x) = -3*x**3 + x**2 + x + 1. Let m(s) = 3*k(s) - 4*w(s). Give m(-5).
0
Suppose 0 = 3*l + 2*l. Let a(v) = v. Let w(q) = 15*q + 15. Let t(m) = -m - 1. Let r(o) = 20*t(o) + w(o). Let x(g) = -6*a(g) - r(g). Calculate x(l).
5
Let m(c) be the first derivative of -c**4/4 - 2*c**3/3 + 2*c**2 + c + 11. Let k be -8*2/(-3 - 1). Let d be ((-10)/(-8) + -2)*k. Give m(d).
-2
Let g(k) = -k - 7. Let f be g(-10). Let x(u) = 2 - u**2 - 3 - f*u + 1. What is x(-4)?
-4
Let k(f) be the third derivative of -1/30*f**5 + 0*f + 0 + 1/3*f**3 + 3*f**2 + 1/24*f**4 - 1/120*f**6. Determine k(-3).
8
Let k = -15 - -23. Suppose 3*d + k = d. Let a(v) = v**2 + 3*v - 3. Give a(d).
1
Let m(w) be the third derivative of -w**6/120 + w**5/15 + 7*w**4/24 - 5*w**3/6 - w**2. Suppose -3*i - 20 = -7*i. Calculate m(i).
5
Let a(g) = g - 2*g - 1112 + 1110. Give a(-5).
3
Let d(t) be the second derivative of t**5/20 + 7*t**4/12 - 11*t**3/6 + t**2/2 + 7*t. What is d(-8)?
25
Let q(o) be the second derivative of -1/2*o**2 - o + 0 - 1/4*o**4 + 0*o**3. What is q(-1)?
-4
Let h(p) be the second derivative of 3*p - 1/3*p**3 + 3*p**2 + 0. Give h(4).
-2
Let h(j) be the second derivative of j**4/12 + j**3 + 2*j**2 - 10*j. What is h(-4)?
-4
Let g(v) = 8*v - 9. Let p(x) = 9*x - 10. Let m(t) = 7*g(t) - 6*p(t). What is m(5)?
7
Let j(r) = -4*r + 2. Let z be 0/2 + 1 + -1. Let x(g) = g**2 - 10*g + 2. Let t be x(10). Let d = t - z. What is j(d)?
-6
Let u(t) = 0*t - 2*t - 3 + 1. Suppose 1 - 10 = 3*a. Determine u(a).
4
Let y be 3*1/3 + -3. Let s be (0 - (3 + y))*0. Let c(o) = -o - 3. Calculate c(s).
-3
Let o = 14 + -9. Suppose -o*z + 2*f = 1, 3*f + 7 + 2 = -3*z. Let r(x) = 4*x. Determine r(z).
-4
Let p be 1 - (-3 - -2) - -4. Let a(x) = -2*x**3 + 7*x**2 + 9*x - 15. Let n(y) = y**3 - 4*y**2 - 4*y + 7. Let h(d) = -2*a(d) - 5*n(d). What is h(p)?
7
Let m(o) = -16*o**2 - 16*o + 31. Let n(x) = -3*x**2 - 3*x + 6. Let p(c) = 2*m(c) - 11*n(c). Suppose 12 = 7*u - 11*u. Give p(u).
2
Let b(c) = -6*c - 13. Let j(d) = 3*d + 7. Let h(p) = 3*b(p) + 5*j(p). Calculate h(-5).
11
Let t = -11 + 7. Let y(w) = -w**2 - 2*w - 5 + 1 - 2*w. Determine y(t).
-4
Let w(h) = 3*h + 2. Let s(i) = -8*i - 5. Let c(o) = -4*s(o) - 11*w(o). What is c(-1)?
-1
Let z(m) = 2*m**2 + 7*m + 1. Suppose 12 = -7*n + 4*n. Let t(p) = -p. Let r(h) = n*t(h) - z(h). What is r(-2)?
-3
Let v(y) = -3*y - 7. Let o(t) = -2*t - 5. Let u = 20 - 14. Let x = u + -11. Let q(d) = x*v(d) + 7*o(d). Calculate q(-4).
-4
Let p(y) be the second derivative of -y**5/20 - y**4/6 - y**3/3 + y**2 - 2*y. Suppose s + 9 = -0*s. Let j be 16/s + 8/(-36). Give p(j).
6
Let w(i) = i - 18. Let s be w(15). Let n(v) = v**3 + 7*v**2 - 5*v - 3*v**2 - 2 - 3*v**2. Calculate n(s).
-5
Suppose 0 = o - 3*x - 11, -3*x - 11 = -2. Let n(f) = -3*f + 0*f - f**3 - 7 + 10*f + 2 + 4*f**o. Determine n(5).
5
Let w(c) be the second derivative of -c**4/12 + 7*c**3/6 - 4*c**2 + 2*c. Suppose -3*s + 5*s - 23 = -3*k, -33 = -4*k - 5*s. Calculate w(k).
-8
Let q(j) = -j - 1. Let p be q(-1). Let b(u) = -1 - 4*u + p + 3*u - 1. Calculate b(-3).
1
Let j(n) = n - 3. Suppose 3*s = -5*h - 7 + 27, -5*s = -3*h - 22. Calculate j(s).
2
Suppose 4 = -2*y + 2. Let g(f) = 8*f**2 + 5*f - 6. Let w(c) = -c**2 - c + 1. Let j(d) = g(d) + 6*w(d). Give j(y).
3
Let w(h) = -h - 2*h**2 + 4 + 3*h**2 - 2. Suppose -r = -5*r + 12. What is w(r)?
8
Let z be ((2 - -2) + -1)*1. Let o(u) = 0 + 4 + u + u. Determine o(z).
10
Suppose q - 12 = -3*q. Let m = q - -1. Let g(s) = -7*s + 4. Let k(j) = 10*j - 6. Let w(c) = -7*g(c) - 5*k(c). Calculate w(m).
-2
Let u(y) = y**3 + 5*y**2 + 3*y + 3. Let o be (-12)/(-5) + (-4)/10. Suppose -3*x - 20 = 4*s, o + 42 = -3*x + 2*s. Let t = x - -8. What is u(t)?
7
Let w(z) = -3*z**2 - 3*z + 4. Let d = 4 + -7. Give w(d).
-14
Let d(v) = 4 + v**2 - 4 - 5*v. Let t be (-78)/(-21) - (-2)/7. Determine d(t).
-4
Let r(u) be the second derivative of -u**3/3 + u**2 + u. What is r(5)?
-8
Let o(k) be the third derivative of -k**4/24 - 2*k**3/3 - 4*k**2. Let s = -4 - -4. Let w be (0/(-1))/(s - -1). Determine o(w).
-4
Let q(i) = i**3 - 3*i**2 - 3*i - 2. Let d be q(4). Let w(c) be the second derivative of 0 + 1/2*c**d + 1/12*c**4 - c - 1/20*c**5 + 0*c**3. Determine w(1).
1
Let w(p) be the first derivative of p**4/4 - 10*p**3/3 + 4*p**2 + 13*p - 29. What is w(9)?
4
Let w(f) = f**2 + 7*f - 2. Let a = -15 + 15. Suppose 0 = -5*y - a*y - 25. Calculate w(y).
-12
Let r = -41 + 47. Let s(y) = 4*y - 8. Determine s(r).
16
Let w(a) = -a + 6. Let t be w(5). Let b(i) = 3*i - 3*i + 2*i - i + t. Suppose 3*o + 1 = -8. Determine b(o).
-2
Let m = -26/3 + 9. Let t(p) be the second derivative of -p**2 + 0 + m*p**3 - p. What is t(-2)?
-6
Let c(v) = -v**3 - v**2 + 2*v. Let q be c(-2). Let l(j) = -j + 7. Let h(d) = 5*d - 29. Let w be ((-6)/21)/((-3)/21). Let u(r) = w*h(r) + 9*l(r). Determine u(q).
5
Let n(a) be the second derivative of -1/6*a**3 + 0 + 7/2*a**2 - a. Let y = 12 + -7. What is n(y)?
2
Let z(r) = 1. Let x(c) = c + 18. Let p(v) = -x(v) + 4*z(v). Determine p(-7).
-7
Let c(t) = -2*t - 3. Suppose -3*u - 10 = -u. Let n = u + 5. Suppose n = 5*w - 20 + 5. What is c(w)?
-9
Let o(r) = r + 6 + 12 - 19. Give o(2).
1
Let k(s) be the second derivative of s**5/20 + s**4/6 + s**3/6 - 57*s. Calculate k(-1).
0
Let j = -5 + 1. Let n(f) = -3*f**3 + f. Let q be n(-1). Let b(x) = -q + 2*x - x + 11. Give b(j).
5
Let l(t) be the first derivative of t**4/4 + t**3/3 - t**2/2 + 3*t + 7. Suppose 0 = -5*m - 0*m. Calculate l(m).
3
Let g(q) be the second derivative of -q**5/20 - q**4/3 - q**3/2 - 7*q. Let p be (2 - 1)/(3/(-9)). What is g(p)?
0
Let i be ((-9)/6)/(-3)*0. Let x(w) = w**3 + w**2 + w + 3. Let h be x(i). Let n(t) = 5*t**3 + 1 + 2*t + 2*t**2 + 6*t**h - 5*t**3. Determine n(-1).
-5
Suppose 3*n + 3 - 9 = 0. Let t(s) = 2*s**2 - 3*s. Calculate t(n).
2
Let k = 15 - 12. Let q(a) = 0*a**3 + a**3 - 4*a**k + 1 + 2*a + a**2 - a. Determine q(-1).
4
Suppose -4*v + 0 = -24. Let l(x) = x**2 - 3*x - 7. What is l(v)?
11
Let x(c) = c**2 + 8*c + 2. Suppose 0 = 2*l + 14. Let k be x(l). Let r(d) = d**3 + 6*d**2 + 6*d + 3. Give r(k).
-2
Let u(r) be the first derivative of r**5/60 - r**4/24 + r**3 - 1. Let c(f) be the third derivative of u(f). Give c(1).
1
Let f(v) = -9*v**2 + 6*v**2 - 11 + 2*v**2 + 10*v. Let s be f(8). Let y(p) = -p + 6. What is y(s)?
1
Let s(w) = 2*w**3 - 3*w**2. Let h be s(2). Let j = h + -7. Let i(l) = -3*l - 4. Determine i(j).
5
Let l(s) be the second derivative of s**4/12 + s**3 + 5*s**2/2 + 4*s. Determine l(-5).
0
Let u(m) be the second derivative of m**4/24 + m**3/6 - m**2 - m. Let w(j) be the first derivative of u(j). Suppose -10 = 6*o - o. Calculate w(o).
-1
Let v(l) = 7*l + 1. Let i(k) be the third derivative of k**6/120 + 2*k**5/15 + 7*k**4/24 - k**3/2 - 3*k**2. Let g be i(-7). Let b be -3 - g - 1/1. Give v(b).
-6
Let u(o) = -2*o**2 - 5*o - 7. Let t = -81 - -76. What is u(t)?
-32
Let a(i) = -i - 13. Let q(b) = -3